 o = 14 + 16. Suppose 2*k - 8*k + o = 0. Suppose -4*s + k*h + 5 = s, -4 = -h. What is the highest common divisor of 40 and s?
5
Let z = 16986 + -16876. Calculate the greatest common divisor of 17930 and z.
110
Let a be 2 + 15 - (-23 - -22). Let v be 28/6 - (-5)/15. Suppose 3*h - 26 = -4*s + 18, -2*h + 34 = v*s. Calculate the greatest common factor of a and h.
6
Let i = -65 + 67. Suppose 2 = -m + 2*x + 30, -58 = -i*m + 5*x. Let u be 1 + 2 - (-1 - 656/4). Calculate the highest common divisor of m and u.
24
Let t = 10 + 32. Suppose -12 = -2*u + t. Let m = 902665 + -902530. Calculate the highest common factor of m and u.
27
Let v = -1649 - -1659. Calculate the greatest common divisor of 10330 and v.
10
Let i = 16 - 10. Let w be 21/9 + i/9. Let s be 1/((-5)/10*2/(-3)). Calculate the highest common divisor of w and s.
3
Let w be (-282)/6*(-1)/1. Let f = 32 - w. Let n be f/15*(1 - 14 - 1). Calculate the highest common factor of 14 and n.
14
Let j be ((-585)/(-390))/(3/10). What is the highest common divisor of j and 1460?
5
Let x = -5905 - -7746. Calculate the highest common factor of x and 14.
7
Let p be (-2 - (-4 + 0))*(-54)/(-12). Let y be 3 - 0 - (-15 + -1). Suppose -j = -62 - y. What is the highest common divisor of j and p?
9
Let v(s) = 11*s - 182. Let n be v(17). Suppose -10*q + 9*q + 25 = 3*p, -3*p - 179 = -n*q. Calculate the highest common factor of q and 272.
34
Let l be 123/5 - ((-380)/(-50) - 8). What is the greatest common divisor of l and 1475?
25
Let y = 38 + -5. Let a = y + -48. Let r = a - -29. What is the highest common divisor of r and 7?
7
Suppose 5*m + 3*p = 277, -25 = -2*m - 2*p + 89. Let a = m - -27. What is the highest common divisor of a and 5?
5
Let r(v) = v**3 + 14 + 2*v**3 + 0*v**2 - 12 - v**2. Let m be r(0). Let u(o) = 16*o**2. Let w be u(-1). Calculate the greatest common factor of w and m.
2
Let b be (-6006)/57057 - ((-5742)/38 + -1). Let s = -25 - -41. What is the greatest common factor of s and b?
8
Let a = 806 - -183. Calculate the highest common factor of a and 301.
43
Let u be (1 - (-2)/(-5))/((-27)/(-1215)). Let t be (2 + u)/(1/3). Suppose 0 = -2*s + t - 33. What is the highest common factor of 36 and s?
9
Let j = -2470 - -2473. Let l = -29 + 53. Calculate the highest common factor of l and j.
3
Suppose 126*b - 932 - 1084 = 0. Calculate the greatest common divisor of b and 46.
2
Let y = -2572 - -2656. What is the greatest common factor of y and 896?
28
Let h(x) = x**3 + 3*x**2 - 11*x - 4. Let n be h(-5). Let r be -1 + n + (38 - -12). Let j = r - -40. Calculate the highest common factor of 60 and j.
30
Let f be 48/32*(-714)/(-9). What is the greatest common divisor of 273 and f?
7
Let c be 2/10 - (-231)/(-55) - -9. Suppose -u = -2*n + 5*n - 31, 4*n + c*u = 56. Calculate the greatest common factor of 369 and n.
9
Let n = -13080 + 14580. What is the highest common divisor of 132 and n?
12
Suppose -8*i + 5*i + k = -547, -362 = -2*i - 2*k. Let s = -11 - -25. Calculate the greatest common factor of s and i.
14
Suppose 0*j - j = 5, -2*b = j - 5. Suppose 294 = -b*d + 2499. Calculate the greatest common divisor of d and 49.
49
Let m be 2485/25 + ((-40)/(-25))/(-4). Let r(w) = -w**3 - 8*w**2 + w - 54. Let q be r(-9). What is the highest common factor of q and m?
9
Let s be ((3 - 4)*1)/1*-182. Let u = s + -162. Calculate the highest common factor of u and 220.
20
Let n be ((-12)/5)/(6*(-7)/700). Suppose -2*a = -4*x + 30, -a = x - 12 - 3. What is the highest common divisor of x and n?
10
Let f(m) = -65*m + 3447. Let n be f(49). What is the highest common factor of 13231 and n?
131
Suppose -u = 5*g + 468 - 1240, 0 = -3*u - 5*g + 2276. Calculate the greatest common divisor of u and 160.
16
Suppose 3*h + 82 = 4*h. Let d = h + -87. Let m be (-12)/6*(3 + d + -29). Calculate the highest common factor of m and 155.
31
Let t = -270 - -165. Let s = -97 - t. Calculate the greatest common factor of s and 16.
8
Let f = 4 + 21. Let l(y) = y**2 + 15*y + 21. Let c be -2 + -1*48/3. Let n be l(c). Calculate the highest common factor of f and n.
25
Let j be 11*(-2)/(-2) + -2. Suppose -36*i = -278*i. Suppose -j*y + y + 3528 = i. Calculate the highest common factor of 49 and y.
49
Let d = -232 + 260. Let p be (-143)/(-11)*d/4. What is the highest common factor of p and 7?
7
Suppose -3*m + 5*n + 439 = 0, 2*n + 0 = 14. What is the greatest common divisor of m and 34760?
158
Suppose 5*y + 1085*r - 12464 = 1087*r, 0 = -3*y - 3*r + 7470. What is the highest common divisor of 70 and y?
14
Let w = -50 - -78. Suppose 2*b - 165 = 5*a - 32, 4*a = 9*b - 469. What is the highest common divisor of w and b?
7
Let u(x) = x**2 + 66*x - 370. Let h be u(64). What is the greatest common divisor of 150 and h?
150
Let x be 81*25/225 - -16*12. Calculate the greatest common factor of x and 1675.
67
Let p(f) = 103*f**3 + 3*f**2 - 3*f + 3. Let w be p(2). Suppose 129*g - 722 = 1471. What is the greatest common factor of w and g?
17
Let s(h) = -h**2 - 13*h + 21. Let k(n) = -4*n - 14. Let d be k(-4). Suppose -43 + 15 = d*g. Let o be s(g). Calculate the greatest common divisor of 63 and o.
7
Let n be ((-85750)/196)/((-6)/24). What is the greatest common divisor of n and 7250?
250
Let m(w) = 15*w - 1369. Let s be m(111). What is the greatest common divisor of s and 3404?
148
Let t be ((-4)/(12/(-249)))/(4/40). Let i = t - 816. What is the greatest common factor of i and 1036?
14
Suppose 0 = -2*p + 5*a + 6, 2*p - 21 = -3*a + 1. Let c = -682 - -999. Suppose -101 = 3*t - c. Calculate the highest common factor of t and p.
8
Let p = 1488 - 1467. Suppose -1140 = -5*i - 5*c, -2*i + 0*i + 477 = -5*c. What is the greatest common factor of p and i?
21
Let p = 134 - 129. Let r(f) = 13*f - 8. Let o be r(1). What is the highest common divisor of p and o?
5
Let b = 102 + -13. Let j = b + -86. Calculate the highest common factor of j and 5.
1
Suppose -31*z + 27*z = -2016. Let m = -481 + z. What is the greatest common divisor of m and 713?
23
Let y = -22653 + 24999. What is the highest common divisor of 6647 and y?
391
Let a(j) = -1620*j - 5030. Let h be a(-17). Calculate the greatest common factor of 5 and h.
5
Let t be ((48 + 3)/3)/((-3)/(-312)). Calculate the greatest common divisor of t and 130.
26
Suppose 2*q - 16 = q + 5*y, 0 = -3*q + 4*y + 15. Let b = q + 5. Suppose 43*z - 914 - 897 = -27*z + 289. Calculate the greatest common factor of b and z.
6
Suppose -2*l = 5*p - 24, -l + 15*p + 12 = 10*p. Let n be (33/l - 5)*-12. Suppose -114 = -d + 75. Calculate the highest common factor of d and n.
27
Suppose -5*u = -4*o + 12, -8*o - 4*u = -6*o + 20. Let p be (-1)/o - (-5 - (-4690)/(-20)). What is the greatest common factor of p and 15?
15
Let j be (-11)/((-396)/(-8)) - 6052/(-18). Suppose 119*r = 126*r - j. Suppose 0 = 2*x + 8, -x = 3*t + 2*t - 356. What is the greatest common divisor of r and t?
24
Suppose -2*p - 3*p = 0. Let v be p - (2 + -4 - (1 - -145)). What is the highest common divisor of 37 and v?
37
Suppose 5*k - 96 - 14 = 0. Let i = -3171 + 3237. Calculate the greatest common divisor of k and i.
22
Let j(c) = -108*c + 2061. Let p be j(18). What is the highest common divisor of 3731 and p?
13
Let a be -9 + 99 - 9 - -10. Let r(x) = -36*x**3 - x**2 + x - 1. Let c be r(1). Let g = c + a. What is the highest common divisor of 6 and g?
6
Let q be -5*13*(8 - (-1550)/(-125)). Calculate the greatest common factor of q and 1664.
26
Let n be (2 - 0 - 3)*-2*6. Suppose -6*r + 4 = -20. Suppose 0 = 3*g + 6, -r*d + 128 = g - 5*g. What is the greatest common divisor of n and d?
6
Let z(d) = -d**3 - 6*d**2 + 10. Let k be z(-6). Let a = -17 - 8. Let l be (-12)/15*a*1/2. What is the greatest common divisor of l and k?
10
Let j(o) = o**3 - o**2 + 16. Let p be j(0). Let f(n) = 18*n + 20. Let v(r) = r. Let u be v(6). Let k be f(u). What is the greatest common divisor of k and p?
16
Let a(j) = -j**2 - 245*j + 40. Let z be a(0). Calculate the greatest common factor of z and 2070.
10
Let b be (196/(-322))/(-7) - 93836/(-46). Calculate the highest common divisor of 120 and b.
120
Let n = 13 - -29. Calculate the greatest common factor of 35 and n.
7
Let a be (-4)/32 - (-380)/(-32). Let z = 80 - a. Let l = -58 + 81. Calculate the highest common factor of z and l.
23
Let s = 8 - 5. Let k be ((-93)/(-62))/(